der when 544 is divided by 100.
44
Calculate the remainder when 295551 is divided by 62.
59
Calculate the remainder when 8180 is divided by 1360.
20
Calculate the remainder when 9008 is divided by 4471.
66
Calculate the remainder when 5181 is divided by 148.
1
What is the remainder when 339 is divided by 161?
17
Calculate the remainder when 590055 is divided by 882.
879
Calculate the remainder when 4150 is divided by 379.
360
What is the remainder when 29382 is divided by 124?
118
What is the remainder when 40187 is divided by 4?
3
Calculate the remainder when 75806 is divided by 46.
44
What is the remainder when 145612 is divided by 65?
12
Calculate the remainder when 3165 is divided by 1053.
6
What is the remainder when 688 is divided by 230?
228
Calculate the remainder when 8223 is divided by 2711.
90
Calculate the remainder when 3929 is divided by 1821.
287
What is the remainder when 103797 is divided by 25?
22
Calculate the remainder when 72251 is divided by 18047.
63
Calculate the remainder when 84295 is divided by 50.
45
Calculate the remainder when 59629 is divided by 4583.
50
What is the remainder when 148922 is divided by 1295?
1292
What is the remainder when 11170 is divided by 42?
40
What is the remainder when 23699 is divided by 6?
5
What is the remainder when 13842 is divided by 3421?
158
Calculate the remainder when 270170 is divided by 8.
2
What is the remainder when 577256 is divided by 60?
56
What is the remainder when 15077 is divided by 471?
5
Calculate the remainder when 368016 is divided by 500.
16
Calculate the remainder when 5071 is divided by 26.
1
What is the remainder when 1235 is divided by 380?
95
Calculate the remainder when 21324 is divided by 260.
4
What is the remainder when 4872 is divided by 564?
360
Calculate the remainder when 5550 is divided by 89.
32
Calculate the remainder when 150309 is divided by 34.
29
Calculate the remainder when 58427 is divided by 198.
17
What is the remainder when 5266 is divided by 2600?
66
Calculate the remainder when 2327540 is divided by 9.
5
Calculate the remainder when 7347 is divided by 15.
12
What is the remainder when 20742 is divided by 2301?
33
What is the remainder when 2169 is divided by 431?
14
What is the remainder when 9684 is divided by 44?
4
Calculate the remainder when 11929 is divided by 153.
148
What is the remainder when 7704 is divided by 93?
78
Calculate the remainder when 220848 is divided by 18404.
0
Calculate the remainder when 3279917 is divided by 2747.
2746
Calculate the remainder when 263 is divided by 89.
85
Calculate the remainder when 374271 is divided by 87.
84
What is the remainder when 6491 is divided by 2137?
80
What is the remainder when 5967 is divided by 1825?
492
Calculate the remainder when 644853 is divided by 11.
0
What is the remainder when 11061 is divided by 2764?
5
Calculate the remainder when 529435 is divided by 72.
19
Calculate the remainder when 1090 is divided by 12.
10
What is the remainder when 34921 is divided by 148?
141
What is the remainder when 14527 is divided by 88?
7
What is the remainder when 451444 is divided by 201?
199
Calculate the remainder when 317901 is divided by 392.
381
What is the remainder when 152205 is divided by 84?
81
What is the remainder when 1970 is divided by 73?
72
What is the remainder when 7223 is divided by 2401?
20
What is the remainder when 18907 is divided by 4718?
35
Calculate the remainder when 332877 is divided by 80.
77
What is the remainder when 372286 is divided by 831?
829
Calculate the remainder when 485166 is divided by 478.
474
Calculate the remainder when 30611 is divided by 5868.
1271
What is the remainder when 102674 is divided by 23?
2
Calculate the remainder when 30320 is divided by 2148.
248
What is the remainder when 211583 is divided by 457?
449
Calculate the remainder when 22621 is divided by 790.
501
Calculate the remainder when 1411 is divided by 364.
319
Calculate the remainder when 4658 is divided by 495.
203
What is the remainder when 21323 is divided by 192?
11
What is the remainder when 4689 is divided by 1134?
153
What is the remainder when 58425 is divided by 1025?
0
What is the remainder when 77491 is divided by 200?
91
What is the remainder when 8898 is divided by 371?
365
What is the remainder when 137127 is divided by 68558?
11
What is the remainder when 160005 is divided by 58?
41
What is the remainder when 3349 is divided by 104?
21
What is the remainder when 16149 is divided by 5135?
744
Calculate the remainder when 1079 is divided by 118.
17
Calculate the remainder when 4186 is divided by 209.
6
Calculate the remainder when 65387 is divided by 223.
48
What is the remainder when 3248 is divided by 139?
51
Calculate the remainder when 6628 is divided by 1608.
196
What is the remainder when 955 is divided by 610?
345
Calculate the remainder when 101175 is divided by 29.
23
Calculate the remainder when 2212 is divided by 913.
386
What is the remainder when 6753 is divided by 671?
43
What is the remainder when 12320 is divided by 122?
120
What is the remainder when 7488 is divided by 575?
13
What is the remainder when 1883992 is divided by 235?
232
What is the remainder when 1173837 is divided by 219?
216
What is the remainder when 13262 is divided by 1018?
28
What is the remainder when 24723 is divided by 250?
223
What is the remainder when 695527 is divided by 78?
1
Calculate the remainder when 6136 is divided by 6123.
13
Calculate the remainder when 5426 is divided by 4957.
469
What is the remainder when 24192 is divided by 37?
31
What is the remainder when 730871 is divided by 543?
536
Calculate the remainder when 719616 is divided by 61.
60
What is the remainder when 1965 is divided by 92?
33
What is the remainder when 29203 is divided by 1713?
82
What is the remainder when 202199 is divided by 22?
19
Calculate the remainder when 279527 is divided by 1664.
1639
What is the remainder when 2163 is divided by 1066?
31
What is the remainder when 542447 is divided by 950?
947
Calculate the remainder when 1730 is divided by 32.
2
What is the remainder when 114682 is divided by 134?
112
Calculate the remainder when 1511 is divided by 73.
51
Calculate the remainder when 1009 is divided by 207.
181
What is the remainder when 37129 is divided by 277?
11
What is the remainder when 9973 is divided by 4982?
9
Calculate the remainder when 28269 is divided by 28058.
211
Calculate the remainder when 115061 is divided by 138.
107
Calculate the remainder when 34096 is divided by 328.
312
Calculate the remainder when 399 is divided by 357.
42
What is the remainder when 4814 is divided by 300?
14
What is the remainder when 31463 is divided by 1161?
116
What is the remainder when 256 is divided by 23?
3
What is the remainder when 22157 is divided by 11072?
13
Calculate the remainder when 126502 is divided by 14.
12
Calculate the remainder when 23249 is divided by 2322.
29
What is the remainder when 11394 is divided by 150?
144
Calculate the remainder when 2878 is divided by 408.
22
Calculate the remainder when 8728 is divided by 19.
7
What is the remainder when 2606 is divided by 103?
31
What is the remainder when 22874 is divided by 204?
26
What is the remainder when 2517 is divided by 596?
133
Calculate the remainder when 9616 is divided by 2223.
724
Calculate the remainder when 5897 is divided by 825.
122
What is the remainder when 752043 is divided by 1690?
1683
What is the remainder when 13032 is divided by 3221?
148
What is the remainder when 4776 is divided by 4776?
0
What is the remainder when 6800 is divided by 1655?
180
What is the remainder when 26439 is divided by 358?
305
What is the remainder when 3262 is divided by 133?
70
Calculate the remainder when 1214271 is divided by 25.
21
Calculate the remainder when 168894 is divided by 15.
9
Calculate the remainder when 49032 is divided by 944.
888
Calculate the remainder when 5330 is divided by 121.
6
Calculate the remainder when 174988 is divided by 455.
268
Calculate the remainder when 13458 is divided by 62.
4
What is the remainder when 213759 is divided by 64?
63
What is the remainder when 398 is divided by 61?
32
What is the remainder when 207918 is divided by 45?
18
Calculate the remainder when 3079 is div